of q?
1
Suppose -8 - 10 = 2*r + 2*b, 21 = -r + 5*b. Let g = 3 - r. What is the tens digit of g?
1
Suppose -2*z = 5*s - 4, -z + 3*s = -11 - 13. Let v(x) = 9*x**2 - 2*x**3 - x**3 + 3*x**3 - z - x**3 + 14*x. What is the units digit of v(10)?
8
Let g(m) = -6*m - 6*m - 1 - 2. Let r be g(-4). Let b = -19 + r. What is the units digit of b?
6
Let b(l) = -10*l**2 - 21*l + 24. Let j(a) = -3*a**2 - 7*a + 8. Let c(v) = -2*b(v) + 7*j(v). What is the tens digit of c(-6)?
1
Let l(o) = 37*o**2 + o. Let y be l(-4). Suppose 186 = 6*p - y. What is the tens digit of p?
2
Let l(v) = v + 7. Let h be l(-5). Let m be h + -1 + -43 - -2. Let b = -18 - m. What is the units digit of b?
2
Let r(b) = 0*b - 7*b + 18 + 8*b. What is the units digit of r(12)?
0
What is the tens digit of ((-8)/16)/((-1)/3018)?
0
Let m(f) = -f**2 - 5*f - 9. Let a(n) = n - 2. Let c be a(-4). Let y be m(c). What is the units digit of y/20 + 206/8?
5
Suppose c + 12 - 166 = 0. Let p = 231 - c. What is the units digit of p?
7
Let q = 24 + -18. Let c(s) = -s**3 + 6*s**2 + 7*s. What is the tens digit of c(q)?
4
Let i(k) = -k**3 + 33*k**2 + 32*k + 87. What is the units digit of i(34)?
9
Suppose 0 = -5*p - p + 1416. Suppose 0 = -3*g - 4*f + 72 + p, f + 544 = 5*g. What is the units digit of g?
8
Let a(f) = -3*f + 1. Let q(z) = 7*z - 3. Let r(x) = 5*a(x) + 2*q(x). Let j be r(-5). Let c(i) = 2*i**2 - 6*i - 3. What is the units digit of c(j)?
5
Suppose -6*j = -2824 + 160. Suppose 3*w - 5*b = 254, 4*w - 9*w + j = 2*b. What is the units digit of w?
8
Let h be ((0/1)/(-3))/2. What is the tens digit of (-1 - (-3)/6)*h - -35?
3
Suppose -4*o = f - 2013, -o - 2*o - 5*f = -1497. What is the hundreds digit of o?
5
Suppose q + 3*p - 115 = 0, -q + 3*q + 3*p - 221 = 0. What is the tens digit of q?
0
Let s be (-16 + 43)*1/1. Suppose 0 = 15*v - 14*v - s. What is the tens digit of v?
2
Let u = -10 - -12. Suppose -u*x + 5 = 3*x. Suppose x = -5*a + 21. What is the units digit of a?
4
Suppose 0 = 14*k - 3*k. Suppose 4*l - 2*y - 698 = k, y - 355 = 3*l - 5*l. What is the tens digit of l?
7
Let q = -13 + 13. Suppose 8*g - 10*g + 250 = q. What is the tens digit of g?
2
Suppose -7976 = -6*s - 2*s. What is the hundreds digit of s?
9
Let u be 4 + 2/(-4)*148. Let h = 30 - u. What is the units digit of h?
0
Let j(d) be the second derivative of d**4/12 + d**3/6 + 67*d**2/2 - 13*d. What is the tens digit of j(0)?
6
Suppose 5*c - 60 = -5*s - 0*c, -2*s + c + 9 = 0. Suppose 4*f = s*f - 21. Suppose -9*h + 30 = -f*h. What is the tens digit of h?
1
Let m(n) = 5*n**2 + 2*n - 1. Suppose -16 = 4*t - 4. What is the units digit of m(t)?
8
Suppose -21077 = -30*w + 16423. What is the units digit of w?
0
Let q = 23 + -23. Suppose j + 43 = 4*j + 2*f, 5*j - f - 89 = q. What is the units digit of j?
7
Let u = 88 + 1. Let b = -74 + u. What is the units digit of b?
5
Let k(a) = 4*a**3 + a + 1. Let q be k(-1). Let f(m) = -31*m + 2. What is the units digit of f(q)?
6
Suppose -8*u + 20 = 5*b - 5*u, b + 4*u = 4. Suppose r + 52 = -14. What is the units digit of (3 - r)*b/4?
9
Let x(u) be the second derivative of u**4/12 - u**3/3 - 5*u**2 + 3*u. Let s be x(-6). Suppose 0 = 2*a - 3*a + s. What is the units digit of a?
8
Suppose 20*k = -5*k + 1900. What is the units digit of k?
6
Let t(o) = 25*o + 158. What is the thousands digit of t(38)?
1
Let s be (0 - 8/(-2))*(-363)/4. Let o = s - -517. What is the units digit of o?
4
What is the hundreds digit of ((-14)/(-6))/7*(490 + -1)?
1
Suppose 0 = 2*f - 2 - 2. Let k be ((1 + -1)/3)/f. Let d(i) = -i + 16. What is the units digit of d(k)?
6
Suppose -3*i - 21 = 4*j, i + 19 = 3*j - 1. What is the units digit of (i + 16)/(-2 + 3)?
5
Suppose 0 = -24*y + 12693 + 2523. What is the hundreds digit of y?
6
Let g be (-4)/(-12) + 132/9. Let u = 30 - g. What is the tens digit of u?
1
What is the units digit of (2199/(-3)*1)/(-1)?
3
Let l be -2 - (-1)/((-5)/90). Let u = 7 - l. What is the units digit of u?
7
What is the hundreds digit of ((-1)/2)/((-16)/13472) + 5?
4
Let a = 128 - 67. Suppose a = 4*d - 3*d. What is the units digit of d?
1
Let r be -2*(-22 - (3 - 0)). Let u = r + -8. What is the tens digit of u?
4
Suppose 0 = -2*z - r + 3, 0 = -5*z + 8*z - 2*r - 1. What is the units digit of 6/(-9)*z*-69?
6
Suppose 4*b = 4*d - 114 - 26, 85 = -3*b - 2*d. Let k = 48 + b. What is the units digit of k?
7
Suppose -o - 19 + 38 = 0. Suppose -5*n + 296 + o = 0. What is the units digit of n?
3
Let k = -15 + 32. Suppose k + 13 = 2*s. What is the tens digit of s?
1
Let h = -282 - -523. What is the hundreds digit of h?
2
Suppose -3*g + 4 = -2*u, g + 4*g - 20 = 0. Let x be u/(-26) + (-34434)/(-234). Suppose -38*m = -35*m - x. What is the units digit of m?
9
Let x = -43 + 31. Let r = x - -50. What is the units digit of r/(6*2/18)?
7
Suppose 10*c + 216844 = 102*c. What is the hundreds digit of c?
3
Let j = -958 + 1723. What is the tens digit of ((-18)/(-45))/(2 - 1529/j)?
0
Let w = -18 + 65. Let y = w - 32. Suppose -2*r + 15 = -y. What is the units digit of r?
5
Suppose -10*m + 11*m - 6 = 0. Suppose m*t - 95 - 55 = 0. What is the tens digit of t?
2
Let n = -44 + 47. What is the tens digit of (174/(-15))/(28/10 - n)?
5
Let a be (10/3)/((-6)/(-9)). Suppose -36 = -2*r + a*q, 2*r - 34 = 3*q + 6. Suppose -163 = -4*m - r. What is the tens digit of m?
3
Let g be 4/22 + (-13)/(1144/16). Suppose y - 4*a - 33 = g, -2*y + 4*a = 18 - 68. What is the tens digit of y?
1
Suppose -6*h - 6 = -4*h. Let b(r) be the second derivative of -r**5/20 - r**4/12 - 2*r**3/3 - 2*r**2 + r. What is the tens digit of b(h)?
2
Let d = 1917 - 1745. What is the units digit of d?
2
Let t be (-2)/(-8) - (-532)/(-16). Let z be (3 - (-652)/4)/(2*1). Let y = t + z. What is the units digit of y?
0
Suppose 0 = 3*j + i - 10, 2*i - 6 = -3*j + 8. Suppose -j*g + 5 + 13 = 0. What is the units digit of g?
9
Let v(s) = -90*s + 1. Let f = 2 + -3. Let q be v(f). Let r = q - 52. What is the units digit of r?
9
Let o(s) = -4*s - 17. Let v be o(-5). Suppose v*t - 99 = 195. What is the units digit of t?
8
Suppose 7*j - 10 = 228. What is the units digit of j?
4
Let s be (-4)/(-8)*(3 - -1). Suppose 0 = -2*p - 4*k - 0*k + 38, -103 = -5*p - s*k. Let w = 50 - p. What is the units digit of w?
9
What is the tens digit of (1772/(-5))/4*-5?
4
What is the tens digit of (-116)/29 + 2408*1?
0
Let v(y) = -24*y**3 - y**2 + y + 1. Let t be v(-1). Let h = t - -40. Suppose 6*f - h = 3. What is the units digit of f?
1
What is the tens digit of ((-258048)/720)/(2/(-15))?
8
Let t(b) = -19 - 6*b**2 + 0*b**2 + 15 - b**3. What is the units digit of t(-7)?
5
Suppose 7*a - 5*a = 4, 0 = -4*o - 2*a + 4024. What is the units digit of o?
5
Let m(k) be the first derivative of 2*k**3/3 - 5*k**2 - 19*k + 8. What is the tens digit of m(-8)?
8
Let g(u) = -u**3 - 6*u**2 - 5*u - 1. Let t be g(-3). Let l = -16 - t. What is the tens digit of (l + 208/4)*1?
4
Suppose 96*x = 104*x - 19744. What is the tens digit of x?
6
Suppose -345*m + 344*m = -1797. What is the units digit of m?
7
What is the units digit of 652*54/60 + (-2)/(-10)?
7
Suppose 5*c + 555 = 3*b, 5*b - 7*b + 10 = 0. What is the units digit of -9 + 12/3 - c?
3
Let v(u) = u + 2. Let y be v(-3). Let k be 0 - y - (58 + -2). What is the units digit of (-473)/k*5*1?
3
Let s = -10 - 20. What is the tens digit of (-2)/((s/(-93))/(-5))?
3
Let g be (3 + 51/(-9))*(-3)/2. What is the hundreds digit of ((-48)/(-15))/(g/130) + -2?
1
Let i = 3118 - 1084. What is the units digit of i?
4
Let q = -1935 - -6621. What is the hundreds digit of q?
6
Let a(f) = -f - 2. Let n be a(1). Let v = 3 - n. What is the units digit of 12/18 - (-242)/v?
1
Let a = 15 - 42. Let g = 25 + a. What is the units digit of (11/(-44))/(g/16)?
2
Let i = 0 - 5. Let a(k) = -15*k - 7. Let v be a(i). Let p = -45 + v. What is the units digit of p?
3
Let s = -15 - -17. Suppose n = -s*q + 163, 5*n - 3*n = -10. What is the tens digit of q?
8
Let r(p) = -3*p + 8. Let k be r(6). Let f = k + 9. What is the units digit of ((-1)/(-3))/(f/(-6))?
2
Suppose 4*j = 7*a - 10*a + 5835, 0 = a + 4*j - 1945. What is the units digit of a?
5
What is the hundreds digit of (-67)/((-77)/(-14) + -6)?
1
Suppose -412*v + 405*v + 3983 = 0. What is the units digit of v?
9
Suppose -14 = -2*g + 2*j, 3 + 11 = 2*g + 5*j. Suppose 243 = 2*n + g*n. What is th